{"id":164,"date":"2013-08-08T13:06:18","date_gmt":"2013-08-08T13:06:18","guid":{"rendered":"http:\/\/presscore.dream-demo.com\/dummy\/?page_id=164"},"modified":"2021-05-05T23:00:22","modified_gmt":"2021-05-05T23:00:22","slug":"home","status":"publish","type":"page","link":"https:\/\/aulacufm.com\/","title":{"rendered":"Home"},"content":{"rendered":"<p>[vc_row equal_height=&#8221;yes&#8221; margin_top=&#8221;5&#8243; margin_bottom=&#8221;20&#8243; type=&#8221;vc_default&#8221; css=&#8221;.vc_custom_1476219871664{padding-top: 70px !important;padding-bottom: 40px !important;}&#8221;][vc_column width=&#8221;1\/3&#8243; offset=&#8221;vc_col-lg-4 vc_col-md-4 vc_col-xs-12&#8243; css=&#8221;.vc_custom_1478180143594{padding-bottom: 25px !important;}&#8221;]<div class=\"aio-icon-component  vc_custom_1619841653525  accent-icon-bg style_1\"><div id=\"Info-box-wrap-9997\" class=\"aio-icon-box left-icon\" style=\"\"  ><div class=\"aio-icon-left\"><div class=\"ult-just-icon-wrapper  \"><div class=\"align-icon\" style=\"text-align:center;\">\n<div class=\"aio-icon advanced \"  style=\"color:#ffffff;background:rgba(170,170,170,0.15);border-style:;border-color:#333333;border-width:1px;width:40px;height:40px;line-height:40px;border-radius:500px;font-size:24px;display:inline-block;\">\n\t<i class=\"icomoon-material-24x24-view_quilt\"><\/i>\n<\/div><\/div><\/div><\/div><div class=\"aio-ibd-block\"><div class=\"aio-icon-header\" ><h3 class=\"aio-icon-title ult-responsive\"  data-ultimate-target='#Info-box-wrap-9997 .aio-icon-title'  data-responsive-json-new='{\"font-size\":\"desktop:16px;\",\"line-height\":\"desktop:26px;\"}'  style=\"font-weight:bold;\">Manejo de las TIC<\/h3><\/div> <!-- header --><div class=\"aio-icon-description ult-responsive\"  data-ultimate-target='#Info-box-wrap-9997 .aio-icon-description'  data-responsive-json-new='{\"font-size\":\"\",\"line-height\":\"\"}'  style=\"\">Profesionales formados en el manejo de las TIC como recurso para el mejoramiento de las practicas educativas.<\/div> <!-- description --><\/div> <!-- aio-ibd-block --><\/div> <!-- aio-icon-box --><\/div> <!-- aio-icon-component -->[\/vc_column][vc_column width=&#8221;1\/3&#8243; offset=&#8221;vc_col-lg-4 vc_col-md-4&#8243; css=&#8221;.vc_custom_1478180152378{padding-bottom: 25px !important;}&#8221;]<div class=\"aio-icon-component  vc_custom_1619841571744  accent-icon-bg style_1\"><div id=\"Info-box-wrap-7009\" class=\"aio-icon-box left-icon\" style=\"\"  ><div class=\"aio-icon-left\"><div class=\"ult-just-icon-wrapper  \"><div class=\"align-icon\" style=\"text-align:center;\">\n<div class=\"aio-icon advanced \"  style=\"color:#ffffff;background:rgba(170,170,170,0.15);border-style:;border-color:#333333;border-width:1px;width:40px;height:40px;line-height:40px;border-radius:500px;font-size:24px;display:inline-block;\">\n\t<i class=\"icomoon-material-24x24-bubble_chart\"><\/i>\n<\/div><\/div><\/div><\/div><div class=\"aio-ibd-block\"><div class=\"aio-icon-header\" ><h3 class=\"aio-icon-title ult-responsive\"  data-ultimate-target='#Info-box-wrap-7009 .aio-icon-title'  data-responsive-json-new='{\"font-size\":\"desktop:16px;\",\"line-height\":\"desktop:26px;\"}'  style=\"font-weight:bold;\">Educaci\u00f3n virtual<\/h3><\/div> <!-- header --><div class=\"aio-icon-description ult-responsive\"  data-ultimate-target='#Info-box-wrap-7009 .aio-icon-description'  data-responsive-json-new='{\"font-size\":\"\",\"line-height\":\"\"}'  style=\"\">Conocimiento de las mejores experiencias en educaci\u00f3n virtual apostamos por una formaci\u00f3n <strong>eminentemente pr\u00e1ctica.<\/strong><\/div> <!-- description --><\/div> <!-- aio-ibd-block --><\/div> <!-- aio-icon-box --><\/div> <!-- aio-icon-component -->[\/vc_column][vc_column width=&#8221;1\/3&#8243; offset=&#8221;vc_col-lg-4 vc_col-md-4&#8243; css=&#8221;.vc_custom_1478180166373{padding-bottom: 25px !important;}&#8221;]<div class=\"aio-icon-component  vc_custom_1619841537511  accent-icon-bg style_1\"><div id=\"Info-box-wrap-7181\" class=\"aio-icon-box left-icon\" style=\"\"  ><div class=\"aio-icon-left\"><div class=\"ult-just-icon-wrapper  \"><div class=\"align-icon\" style=\"text-align:center;\">\n<div class=\"aio-icon advanced \"  style=\"color:#ffffff;background:rgba(170,170,170,0.15);border-style:;border-color:#333333;border-width:1px;width:40px;height:40px;line-height:40px;border-radius:500px;font-size:24px;display:inline-block;\">\n\t<i class=\"icomoon-material-24x24-burst_mode\"><\/i>\n<\/div><\/div><\/div><\/div><div class=\"aio-ibd-block\"><div class=\"aio-icon-header\" ><h3 class=\"aio-icon-title ult-responsive\"  data-ultimate-target='#Info-box-wrap-7181 .aio-icon-title'  data-responsive-json-new='{\"font-size\":\"desktop:16px;\",\"line-height\":\"desktop:26px;\"}'  style=\"font-weight:bold;\">Programas formativos<\/h3><\/div> <!-- header --><div class=\"aio-icon-description ult-responsive\"  data-ultimate-target='#Info-box-wrap-7181 .aio-icon-description'  data-responsive-json-new='{\"font-size\":\"\",\"line-height\":\"\"}'  style=\"\">Nos adaptamos a las necesidades del entorno en todo momento; te podemos ayudar a desarrollar programas formativos en cualquier modalidad.<\/div> <!-- description --><\/div> <!-- aio-ibd-block --><\/div> <!-- aio-icon-box --><\/div> <!-- aio-icon-component -->[\/vc_column][\/vc_row][vc_row equal_height=&#8221;yes&#8221; content_placement=&#8221;top&#8221; bg_type=&#8221;bg_color&#8221; bg_override=&#8221;ex-full&#8221; type=&#8221;vc_default&#8221; css=&#8221;.vc_custom_1496396104130{padding-top: 70px !important;padding-bottom: 40px !important;}&#8221; bg_color_value=&#8221;rgba(170,170,170,0.1)&#8221;][vc_column el_id=&#8221;Quienes&#8221;]<div id=\"ultimate-heading-731569f456331f06b\" class=\"uvc-heading ult-adjust-bottom-margin ultimate-heading-731569f456331f06b uvc-9562 accent-border-color color-title\" data-hspacer=\"line_only\"  data-halign=\"center\" style=\"text-align:center\"><div class=\"uvc-main-heading ult-responsive\"  data-ultimate-target='.uvc-heading.ultimate-heading-731569f456331f06b h2'  data-responsive-json-new='{\"font-size\":\"desktop:30px;\",\"line-height\":\"desktop:40px;\"}' ><h2 style=\"font-weight:bold;margin-bottom:10px;\">Quienes Somos<\/h2><\/div><div class=\"uvc-heading-spacer line_only\" style=\"margin-bottom:55px;height:3px;\"><span class=\"uvc-headings-line\" style=\"border-style:solid;border-bottom-width:3px;border-color:#ccc;width:100px;\"><\/span><\/div><\/div>[\/vc_column][vc_column width=&#8221;2\/3&#8243; offset=&#8221;vc_col-lg-offset-0 vc_col-lg-6 vc_col-md-offset-0 vc_col-md-6 vc_col-sm-offset-2 vc_col-xs-12&#8243;][vc_single_image image=&#8221;52541&#8243; img_size=&#8221;560 \u00d7 326&#8243; alignment=&#8221;center&#8221; css_animation=&#8221;fadeIn&#8221; lazy_loading=&#8221;true&#8221; css=&#8221;.vc_custom_1620196322459{margin-right: -10px !important;margin-left: -10px !important;padding-top: 10px !important;padding-bottom: 20px !important;}&#8221;][\/vc_column][vc_column width=&#8221;2\/3&#8243; offset=&#8221;vc_col-lg-offset-0 vc_col-lg-6 vc_col-md-offset-0 vc_col-md-6 vc_col-sm-offset-2 vc_col-xs-12&#8243; css=&#8221;.vc_custom_1476220031159{padding-bottom: 15px !important;}&#8221;][vc_column_text css=&#8221;.vc_custom_1620186477786{padding-bottom: 20px !important;}&#8221;]Somos un conjunto de profesionales formados en el manejo de las TIC como recurso para el mejoramiento de las practicas educativas, desde el conocimiento de las mejores experiencias en educaci\u00f3n virtual apostamos por una formaci\u00f3n\u00a0<strong>eminentemente pr\u00e1ctica<\/strong>\u00a0y nos adaptamos a las necesidades del entorno en todo momento; te podemos ayudar a desarrollar programas formativos en cualquier modalidad.<\/p>\n<p>Nuestras propuestas educativas resaltan por:[\/vc_column_text][vc_row_inner][vc_column_inner width=&#8221;1\/2&#8243;]<div class=\"standard-arrow bullet-top\"><ul>\n<li><strong>La teor\u00eda precisa <\/strong>para entender los conceptos importantes.<\/li>\n<li><strong>Demostraciones pr\u00e1cticas en v\u00eddeo <\/strong>para afianzar lo aprendido.<\/li>\n<li><strong>Pr\u00e1cticas sugeridas <\/strong>para que puedas asentar los conocimientos.<\/li>\n<li><strong>Recursos relacionados <\/strong>para profundizar.<\/li>\n<li><strong>Evaluaciones <\/strong>para ir viendo el progreso de aprendizaje.<\/li>\n<li><strong>Descargas <\/strong>de contenidos relacionados.<\/li>\n<\/ul>\n<\/div>[\/vc_column_inner][vc_column_inner width=&#8221;1\/2&#8243;]<div class=\"standard-arrow bullet-top\"><ul>\n<li><strong>Material de consulta <\/strong>y referencia futuras, para cuando termina el curso<\/li>\n<li><strong>Respuestas a tus dudas <\/strong>por parte del propio autor del curso.<\/li>\n<li><strong>Hitos claros <\/strong>para lograr que avances en el curso al ritmo adecuado.<\/li>\n<li><strong>Seguimiento <\/strong>muy de cerca para que no te quedes atr\u00e1s.<\/li>\n<li><strong>Diploma de aprovechamiento <\/strong>al finalizar el curso si apruebas.<\/li>\n<li><strong>Tu propio perfil certificado online <\/strong>con el que aulacufm certifica tu aprendizaje ante terceros.<\/li>\n<\/ul>\n<\/div>[\/vc_column_inner][\/vc_row_inner][\/vc_column][\/vc_row][vc_row equal_height=&#8221;yes&#8221; margin_top=&#8221;55&#8243; margin_bottom=&#8221;45&#8243; type=&#8221;vc_default&#8221; css=&#8221;.vc_custom_1620254454661{padding-top: 70px !important;padding-bottom: 30px !important;}&#8221; el_id=&#8221;Apoyo&#8221;][vc_column]<div id=\"ultimate-heading-129569f456331f23d\" class=\"uvc-heading ult-adjust-bottom-margin ultimate-heading-129569f456331f23d uvc-5904 accent-border-color color-title\" data-hspacer=\"line_only\"  data-halign=\"center\" style=\"text-align:center\"><div class=\"uvc-main-heading ult-responsive\"  data-ultimate-target='.uvc-heading.ultimate-heading-129569f456331f23d h2'  data-responsive-json-new='{\"font-size\":\"desktop:30px;\",\"line-height\":\"desktop:40px;\"}' ><h2 style=\"font-weight:bold;margin-bottom:10px;\">Apoyo Institucional<\/h2><\/div><div class=\"uvc-heading-spacer line_only\" style=\"margin-bottom:70px;height:3px;\"><span class=\"uvc-headings-line\" style=\"border-style:solid;border-bottom-width:3px;border-color:#ccc;width:100px;\"><\/span><\/div><\/div>[\/vc_column][vc_column width=&#8221;2\/3&#8243; css=&#8221;.vc_custom_1476219952344{padding-bottom: 50px !important;}&#8221; offset=&#8221;vc_col-lg-offset-0 vc_col-lg-6 vc_col-md-offset-0 vc_col-md-6 vc_col-sm-offset-2&#8243;][vc_single_image image=&#8221;52539&#8243; img_size=&#8221;large&#8221;][\/vc_column][vc_column width=&#8221;2\/3&#8243; css=&#8221;.vc_custom_1496043962703{padding-bottom: 30px !important;}&#8221; offset=&#8221;vc_col-lg-offset-0 vc_col-lg-6 vc_col-md-offset-0 vc_col-md-6 vc_col-sm-offset-2&#8243;][vc_column_text]Podemos apoyarte en la construcci\u00f3n de tu propuesta educativa en l\u00ednea, desde la asesor\u00eda en las mejores pr\u00e1cticas para mejorar tu desempe\u00f1o hasta el acompa\u00f1amiento en la elaboraci\u00f3n de programas de formaci\u00f3n extendida, pasando por la consultor\u00eda en materia de instalaci\u00f3n y operaci\u00f3n de campus virtuales y el dise\u00f1o curricular e instruccional para el aprovechamiento de los recursos tecnol\u00f3gicos en el ciberespacio.\u00a0 Sea cual sea tu inquietud o incluso si tienes ya una practica consolidada puedes contar con nosotros para maximizar tu desempe\u00f1o, ponte en contacto con nosotros y te atenderemos sin compromiso, nuestro objetivo es apoyar la formaci\u00f3n docente en la modalidad virtual.[\/vc_column_text][\/vc_column][\/vc_row][vc_row full_width=&#8221;stretch_row_content_no_spaces&#8221; bg_type=&#8221;bg_color&#8221; bg_override=&#8221;ex-full&#8221; type=&#8221;vc_default&#8221; full_width_padding_left=&#8221;40&#8243; full_width_padding_right=&#8221;40&#8243; full_width_margin_top=&#8221;0&#8243; full_width_margin_bottom=&#8221;0&#8243; bg_color_value=&#8221;rgba(170,170,170,0.1)&#8221; css=&#8221;.vc_custom_1524666927617{padding-top: 70px !important;padding-bottom: 75px !important;}&#8221;][vc_column width=&#8221;5\/6&#8243; offset=&#8221;vc_col-lg-offset-3 vc_col-lg-6 vc_col-md-offset-2 vc_col-md-8 vc_col-sm-offset-1&#8243; el_id=&#8221;Contenido&#8221;]<div id=\"ultimate-heading-467869f456331f29a\" class=\"uvc-heading ult-adjust-bottom-margin ultimate-heading-467869f456331f29a uvc-6234 accent-border-color color-title\" data-hspacer=\"line_only\"  data-halign=\"center\" style=\"text-align:center\"><div class=\"uvc-main-heading ult-responsive\"  data-ultimate-target='.uvc-heading.ultimate-heading-467869f456331f29a h2'  data-responsive-json-new='{\"font-size\":\"desktop:30px;\",\"line-height\":\"desktop:40px;\"}' ><h2 style=\"font-weight:bold;margin-bottom:10px;\">Contenido<\/h2><\/div><div class=\"uvc-heading-spacer line_only\" style=\"topheight:3px;\"><span class=\"uvc-headings-line\" style=\"border-style:solid;border-bottom-width:3px;border-color:#ccc;width:100px;\"><\/span><\/div><\/div>[vc_column_text css=&#8221;.vc_custom_1620241882736{padding-top: 50px !important;padding-right: 20px !important;padding-bottom: 50px !important;padding-left: 20px !important;}&#8221;]La pregunta que puede surgir es\u2026\u00a0<strong>\u00bfpor qu\u00e9 un LMS?<\/strong>\u00a0\u00bfPor qu\u00e9 incorporar un sistema de gesti\u00f3n del aprendizaje en mi empresa? \u00bfCu\u00e1les son las ventajas de hacer esto?<\/p>\n<p>Podr\u00edamos resumirlas de la siguiente manera:<\/p>\n<p><strong>Mejora la organizaci\u00f3n<\/strong>. Cuanto m\u00e1s grande sea la empresa y m\u00e1s trabajadores participen en la formaci\u00f3n, m\u00e1s f\u00e1cil es organizarse con un sistema online que centralice todo lo que necesitamos: altas en el sistema, creaci\u00f3n de grupos de trabajo, actualizaci\u00f3n de calendarios\u2026<\/p>\n<p><strong>Mejora el control<\/strong>. Los administradores del LMS tienen a su disposici\u00f3n el control total del sistema, de modo que est\u00e1n al tanto de todo lo que ocurre en ellos.<\/p>\n<p><strong>Mejora el seguimiento<\/strong>. Con distintos mecanismos, hace que la evaluaci\u00f3n de cada uno de los empleados sea mucho m\u00e1s sencilla y efectiva.<\/p>\n<p><strong>Es flexible<\/strong>. Siendo online, podemos hacer participar a empleados que trabajen en otras sedes en el mismo sistema, o podemos dejar que realicen las tareas de aprendizaje cuando tengan un hueco en sus quehaceres diarios en lugar de imponerles un horario.<\/p>\n<p>En definitiva, los LMS son una herramienta para la formaci\u00f3n dentro de las empresas muy valiosas.[\/vc_column_text][\/vc_column][vc_column][\/vc_column][\/vc_row]<\/p>\n","protected":false},"excerpt":{"rendered":"<p>[vc_row equal_height=&#8221;yes&#8221; margin_top=&#8221;5&#8243; margin_bottom=&#8221;20&#8243; type=&#8221;vc_default&#8221; css=&#8221;.vc_custom_1476219871664{padding-top: 70px !important;padding-bottom: 40px !important;}&#8221;][vc_column width=&#8221;1\/3&#8243; offset=&#8221;vc_col-lg-4 vc_col-md-4 vc_col-xs-12&#8243; css=&#8221;.vc_custom_1478180143594{padding-bottom: 25px !important;}&#8221;][\/vc_column][vc_column width=&#8221;1\/3&#8243; offset=&#8221;vc_col-lg-4 vc_col-md-4&#8243; css=&#8221;.vc_custom_1478180152378{padding-bottom: 25px !important;}&#8221;][\/vc_column][vc_column width=&#8221;1\/3&#8243; offset=&#8221;vc_col-lg-4 vc_col-md-4&#8243; css=&#8221;.vc_custom_1478180166373{padding-bottom: 25px !important;}&#8221;][\/vc_column][\/vc_row][vc_row equal_height=&#8221;yes&#8221; content_placement=&#8221;top&#8221; bg_type=&#8221;bg_color&#8221; bg_override=&#8221;ex-full&#8221; type=&#8221;vc_default&#8221; css=&#8221;.vc_custom_1496396104130{padding-top: 70px !important;padding-bottom: 40px !important;}&#8221; bg_color_value=&#8221;rgba(170,170,170,0.1)&#8221;][vc_column el_id=&#8221;Quienes&#8221;][\/vc_column][vc_column width=&#8221;2\/3&#8243; offset=&#8221;vc_col-lg-offset-0 vc_col-lg-6 vc_col-md-offset-0 vc_col-md-6 vc_col-sm-offset-2 vc_col-xs-12&#8243;][vc_single_image image=&#8221;52541&#8243; img_size=&#8221;560 \u00d7 326&#8243; alignment=&#8221;center&#8221; css_animation=&#8221;fadeIn&#8221; lazy_loading=&#8221;true&#8221;&hellip;<\/p>\n","protected":false},"author":1,"featured_media":0,"parent":0,"menu_order":10,"comment_status":"closed","ping_status":"closed","template":"template-microsite.php","meta":{"footnotes":""},"class_list":["post-164","page","type-page","status-publish","hentry","description-off"],"_links":{"self":[{"href":"https:\/\/aulacufm.com\/index.php\/wp-json\/wp\/v2\/pages\/164","targetHints":{"allow":["GET"]}}],"collection":[{"href":"https:\/\/aulacufm.com\/index.php\/wp-json\/wp\/v2\/pages"}],"about":[{"href":"https:\/\/aulacufm.com\/index.php\/wp-json\/wp\/v2\/types\/page"}],"author":[{"embeddable":true,"href":"https:\/\/aulacufm.com\/index.php\/wp-json\/wp\/v2\/users\/1"}],"replies":[{"embeddable":true,"href":"https:\/\/aulacufm.com\/index.php\/wp-json\/wp\/v2\/comments?post=164"}],"version-history":[{"count":13,"href":"https:\/\/aulacufm.com\/index.php\/wp-json\/wp\/v2\/pages\/164\/revisions"}],"predecessor-version":[{"id":52789,"href":"https:\/\/aulacufm.com\/index.php\/wp-json\/wp\/v2\/pages\/164\/revisions\/52789"}],"wp:attachment":[{"href":"https:\/\/aulacufm.com\/index.php\/wp-json\/wp\/v2\/media?parent=164"}],"curies":[{"name":"wp","href":"https:\/\/api.w.org\/{rel}","templated":true}]}}